{"id":9,"date":"2015-12-15T07:37:33","date_gmt":"2015-12-15T07:37:33","guid":{"rendered":"http:\/\/consulting.stylemixthemes.com\/?page_id=9"},"modified":"2023-05-13T16:06:34","modified_gmt":"2023-05-13T16:06:34","slug":"hakkimizda","status":"publish","type":"page","link":"https:\/\/ilgilimetal.com.tr\/index.php\/hakkimizda\/","title":{"rendered":"Hakk\u0131m\u0131zda"},"content":{"rendered":"<section class=\"wpb-content-wrapper\"><p>[vc_row css=&#8221;.vc_custom_1451991003825{margin-bottom: 100px !important;}&#8221;][vc_column offset=&#8221;vc_col-lg-9 vc_col-md-9&#8243;][vc_column_text css=&#8221;.vc_custom_1683625745546{margin-top: 40px !important;}&#8221;]<\/p>\n<h2>\u0130lgili Metal<\/h2>\n<div class=\"wpb_text_column wpb_content_element \">\n<div class=\"wpb_wrapper\">\n<p>Cumhuriyetimizin 100. y\u0131l\u0131nda kurulan firmam\u0131z i\u00e7in yeni y\u00fczy\u0131lda b\u00fcy\u00fck hedeflerle yola \u00e7\u0131kt\u0131k. Birlikte b\u00fcy\u00fcmeyi istedi\u011fimiz m\u00fc\u015fterilerimize \u201cilgi ve g\u00fcven\u201d odakl\u0131 hizmetler sunmay\u0131 hedefliyoruz. Amac\u0131m\u0131z, sekt\u00f6rdeki tecr\u00fcbemiz ve uzman kadromuzla m\u00fc\u015fterilerimizin ihtiya\u00e7lar\u0131n\u0131 en iyi \u015fekilde anlamak ve onlara \u00f6zel \u00e7\u00f6z\u00fcmler sunmakt\u0131r. Uzun vadede m\u00fc\u015fterilerimize \u00f6zel planlar haz\u0131rlamak ve onlara rekabet avantaj\u0131 kazand\u0131rmak istiyoruz.<\/p>\n<p>Vizyonumuz, m\u00fc\u015fterilerimizle uzun s\u00fcreli i\u015f ortakl\u0131klar\u0131 kurarak, onlar\u0131n metal tedarik s\u00fcre\u00e7lerini h\u0131zl\u0131 ve verimli \u015fekilde y\u00f6netmelerine yard\u0131mc\u0131 olmakt\u0131r. Bu do\u011frultuda, teknolojik altyap\u0131m\u0131z\u0131 ve dijital tedarik sistemlerimizi s\u00fcrekli olarak g\u00fcncelleyerek, m\u00fc\u015fterilerimize en y\u00fcksek kalitede hizmeti sunmay\u0131 ama\u00e7l\u0131yoruz. T\u00fcm \u00e7al\u0131\u015fmalar\u0131m\u0131zda \u201cilgi ve g\u00fcven\u201d ilkelerimizle hareket ediyor, m\u00fc\u015fterilerimizin memnuniyetini her zaman \u00f6nceli\u011fimiz olarak kabul ediyoruz.<\/p>\n<\/div>\n<\/div>\n<p>[\/vc_column_text][vc_column_text css=&#8221;.vc_custom_1683626585652{margin-bottom: 34px !important;}&#8221;]<\/p>\n<blockquote><p>Metal sekt\u00f6r\u00fcnde s\u00fcrekli geli\u015fen teknolojileri takip ederek m\u00fc\u015fterilerimize en iyi hizmeti ve \u00e7\u00f6z\u00fcmleri sunmay\u0131, ilgi ve g\u00fcven prensipleri do\u011frultusunda s\u00fcrd\u00fcr\u00fclebilir bir \u015fekilde b\u00fcy\u00fcmeyi hedefliyoruz.<\/p><\/blockquote>\n<p>[\/vc_column_text][\/vc_column][vc_column width=&#8221;1\/4&#8243; offset=&#8221;vc_hidden-sm vc_hidden-xs&#8221;][stm_sidebar sidebar=&#8221;311&#8243;][\/vc_column][\/vc_row][vc_row full_width=&#8221;stretch_row&#8221; el_class=&#8221;third_bg_color&#8221; css=&#8221;.vc_custom_1451889219674{margin-bottom: -60px !important;}&#8221;][vc_column][vc_cta h2=&#8221;Sat\u0131\u015f dan\u0131\u015fmam\u0131zla ileti\u015fime ge\u00e7mek ister misiniz?&#8221; h2_font_container=&#8221;tag:h2|font_size:20px|text_align:left|color:%23ffffff|line_height:24px&#8221; h2_use_theme_fonts=&#8221;yes&#8221; shape=&#8221;square&#8221; style=&#8221;flat&#8221; add_button=&#8221;right&#8221; btn_title=&#8221;BA\u015eVUR&#8221; btn_style=&#8221;flat&#8221; btn_color=&#8221;theme_style_2&#8243; btn_size=&#8221;lg&#8221; btn_align=&#8221;right&#8221; btn_i_align=&#8221;right&#8221; btn_i_icon_fontawesome=&#8221;stm-popup-envelope&#8221; use_custom_fonts_h2=&#8221;true&#8221; btn_button_block=&#8221;true&#8221; btn_add_icon=&#8221;true&#8221; el_class=&#8221;third_bg_color&#8221; css=&#8221;.vc_custom_1683626248547{margin-bottom: 0px !important;}&#8221;][\/vc_cta][\/vc_column][\/vc_row]<\/p>\n<\/section>","protected":false},"excerpt":{"rendered":"<p>[vc_row css=&#8221;.vc_custom_1451991003825{margin-bottom: 100px !important;}&#8221;][vc_column offset=&#8221;vc_col-lg-9 vc_col-md-9&#8243;][vc_column_text css=&#8221;.vc_custom_1683625745546{margin-top: 40px !important;}&#8221;] \u0130lgili Metal Cumhuriyetimizin 100. y\u0131l\u0131nda kurulan firmam\u0131z i\u00e7in yeni y\u00fczy\u0131lda b\u00fcy\u00fck hedeflerle yola \u00e7\u0131kt\u0131k. Birlikte b\u00fcy\u00fcmeyi istedi\u011fimiz m\u00fc\u015fterilerimize \u201cilgi ve g\u00fcven\u201d odakl\u0131 hizmetler sunmay\u0131 hedefliyoruz. Amac\u0131m\u0131z, sekt\u00f6rdeki tecr\u00fcbemiz ve uzman kadromuzla m\u00fc\u015fterilerimizin ihtiya\u00e7lar\u0131n\u0131 en iyi \u015fekilde anlamak ve onlara \u00f6zel \u00e7\u00f6z\u00fcmler sunmakt\u0131r. Uzun vadede m\u00fc\u015fterilerimize \u00f6zel<\/p>\n","protected":false},"author":1,"featured_media":0,"parent":0,"menu_order":0,"comment_status":"closed","ping_status":"closed","template":"","meta":[],"_links":{"self":[{"href":"https:\/\/ilgilimetal.com.tr\/index.php\/wp-json\/wp\/v2\/pages\/9"}],"collection":[{"href":"https:\/\/ilgilimetal.com.tr\/index.php\/wp-json\/wp\/v2\/pages"}],"about":[{"href":"https:\/\/ilgilimetal.com.tr\/index.php\/wp-json\/wp\/v2\/types\/page"}],"author":[{"embeddable":true,"href":"https:\/\/ilgilimetal.com.tr\/index.php\/wp-json\/wp\/v2\/users\/1"}],"replies":[{"embeddable":true,"href":"https:\/\/ilgilimetal.com.tr\/index.php\/wp-json\/wp\/v2\/comments?post=9"}],"version-history":[{"count":8,"href":"https:\/\/ilgilimetal.com.tr\/index.php\/wp-json\/wp\/v2\/pages\/9\/revisions"}],"predecessor-version":[{"id":7172,"href":"https:\/\/ilgilimetal.com.tr\/index.php\/wp-json\/wp\/v2\/pages\/9\/revisions\/7172"}],"wp:attachment":[{"href":"https:\/\/ilgilimetal.com.tr\/index.php\/wp-json\/wp\/v2\/media?parent=9"}],"curies":[{"name":"wp","href":"https:\/\/api.w.org\/{rel}","templated":true}]}}